{"id":1460,"date":"2025-04-14T18:43:14","date_gmt":"2025-04-14T17:43:14","guid":{"rendered":"https:\/\/circuloecadequeiroz.pt\/destaque\/ministro-pedro-reis-no-ceq-crescimento-economico-exige-inovacao-e-sustentabilidade\/"},"modified":"2025-04-14T18:50:51","modified_gmt":"2025-04-14T17:50:51","slug":"ministro-pedro-reis-no-ceq-crescimento-economico-exige-inovacao-e-sustentabilidade","status":"publish","type":"destaque","link":"https:\/\/circuloecadequeiroz.pt\/en\/destaque\/ministro-pedro-reis-no-ceq-crescimento-economico-exige-inovacao-e-sustentabilidade\/","title":{"rendered":"Minister Pedro Reis at CEQ: \u201cEconomic growth requires innovation and sustainability\u201d"},"content":{"rendered":"\n<p>The Minister of Economy, Pedro Reis, argued at the E\u00e7a de Queiroz Circle that the future of economic growth in Portugal must be based on a clear commitment to innovation, productivity and sustainability. \u201cEconomic growth \u2013 which Portugal is currently experiencing \u2013 requires innovation and sustainability\u201d, he stated during a dinner-debate promoted by the Portugal XXI association, at the CEQ, in Lisbon.<\/p>\n\n\n\n<p id=\"tw-target-text\">In front of an audience composed of businesspeople, academics and decision-makers, Pedro Reis highlighted the importance of consistent public policies and effective implementation to face the challenges of a rapidly changing global context.&nbsp; \u201cThis type of reflection is essential for the quality of public debate\u201d, stated Ant\u00f3nio Martins da Costa, president of the E\u00e7a de Queiroz Circle.<\/p>\n\n\n\n<p>\u201cTalking about sustainable economic growth means, above all, talking about long-term choices and responsibility. Our role is to help ensure that these choices are discussed in a pluralistic and in-depth manner\u201d, highlighted the president of CEQ, regarding the relevance of the debate\u2019s theme in line with the Circle\u2019s mission. The meeting took place at a time when the country is seeking to position itself strategically in the face of the challenges of the digital transition, the green economy and attracting foreign investment, issues that promise to mark the economic agenda in the coming years.<\/p>\n","protected":false},"excerpt":{"rendered":"<p>The Minister of Economy, Pedro Reis, argued at the E\u00e7a de Queiroz Circle that the future of economic growth in Portugal must be based on a clear commitment to innovation, productivity and sustainability. \u201cEconomic growth \u2013 which Portugal is currently experiencing \u2013 requires innovation and sustainability\u201d, he stated during a dinner-debate promoted by the Portugal [&hellip;]<\/p>\n","protected":false},"author":9,"featured_media":1457,"menu_order":30,"template":"","meta":{"_acf_changed":false,"slim_seo":{"title":"Minister Pedro Reis at CEQ: \u201cEconomic growth requires innovation and sustainability\u201d - C\u00edrculo E\u00e7a de Queiroz","description":"The Minister of Economy, Pedro Reis, argued at the E\u00e7a de Queiroz Circle that the future of economic growth in Portugal must be based on a clear commitment to i"},"footnotes":""},"class_list":["post-1460","destaque","type-destaque","status-publish","has-post-thumbnail","hentry"],"acf":[],"_links":{"self":[{"href":"https:\/\/circuloecadequeiroz.pt\/en\/wp-json\/wp\/v2\/destaque\/1460","targetHints":{"allow":["GET"]}}],"collection":[{"href":"https:\/\/circuloecadequeiroz.pt\/en\/wp-json\/wp\/v2\/destaque"}],"about":[{"href":"https:\/\/circuloecadequeiroz.pt\/en\/wp-json\/wp\/v2\/types\/destaque"}],"author":[{"embeddable":true,"href":"https:\/\/circuloecadequeiroz.pt\/en\/wp-json\/wp\/v2\/users\/9"}],"version-history":[{"count":3,"href":"https:\/\/circuloecadequeiroz.pt\/en\/wp-json\/wp\/v2\/destaque\/1460\/revisions"}],"predecessor-version":[{"id":1464,"href":"https:\/\/circuloecadequeiroz.pt\/en\/wp-json\/wp\/v2\/destaque\/1460\/revisions\/1464"}],"wp:featuredmedia":[{"embeddable":true,"href":"https:\/\/circuloecadequeiroz.pt\/en\/wp-json\/wp\/v2\/media\/1457"}],"wp:attachment":[{"href":"https:\/\/circuloecadequeiroz.pt\/en\/wp-json\/wp\/v2\/media?parent=1460"}],"curies":[{"name":"wp","href":"https:\/\/api.w.org\/{rel}","templated":true}]}}

<p>The Minister of Economy, Pedro Reis, argued at the Eça de Queiroz Circle that the future of economic growth in Portugal must be based on a clear commitment to innovation, productivity and sustainability. “Economic growth – which Portugal is currently experiencing – requires innovation and sustainability”, he stated during a dinner-debate promoted by the Portugal XXI association, at the CEQ, in Lisbon.</p>



<p id="tw-target-text">In front of an audience composed of businesspeople, academics and decision-makers, Pedro Reis highlighted the importance of consistent public policies and effective implementation to face the challenges of a rapidly changing global context.&nbsp; “This type of reflection is essential for the quality of public debate”, stated António Martins da Costa, president of the Eça de Queiroz Circle.</p>



<p>“Talking about sustainable economic growth means, above all, talking about long-term choices and responsibility. Our role is to help ensure that these choices are discussed in a pluralistic and in-depth manner”, highlighted the president of CEQ, regarding the relevance of the debate’s theme in line with the Circle’s mission. The meeting took place at a time when the country is seeking to position itself strategically in the face of the challenges of the digital transition, the green economy and attracting foreign investment, issues that promise to mark the economic agenda in the coming years.</p>

<p>The Minister of Economy, Pedro Reis, argued at the Eça de Queiroz Circle that the future of economic growth in Portugal must be based on a clear commitment to innovation, productivity and sustainability. “Economic growth – which Portugal is currently experiencing – requires innovation and sustainability”, he stated during a dinner-debate promoted by the Portugal [&hellip;]</p>

Minister Pedro Reis at CEQ: “Economic growth requires innovation and sustainability” - Círculo Eça de Queiroz

The Minister of Economy, Pedro Reis, argued at the Eça de Queiroz Circle that the future of economic growth in Portugal must be based on a clear commitment to i
